85?
1
What is the hundreds digit of 13366?
3
What is the units digit of 118746?
6
What is the ten thousands digit of 38820?
3
What is the tens digit of 10582?
8
What is the thousands digit of 78334?
8
What is the units digit of 451?
1
What is the hundreds digit of 1529?
5
What is the units digit of 1771?
1
What is the units digit of 1877?
7
What is the units digit of 145?
5
What is the thousands digit of 67782?
7
What is the units digit of 62362?
2
What is the units digit of 4612?
2
What is the units digit of 143379?
9
What is the units digit of 1082?
2
What is the tens digit of 321?
2
What is the tens digit of 74393?
9
What is the hundreds digit of 742?
7
What is the units digit of 37943?
3
What is the units digit of 5523?
3
What is the ten thousands digit of 10712?
1
What is the hundreds digit of 649?
6
What is the hundreds digit of 14780?
7
What is the thousands digit of 76381?
6
What is the units digit of 770?
0
What is the tens digit of 83141?
4
What is the thousands digit of 41781?
1
What is the hundreds digit of 9997?
9
What is the thousands digit of 1031?
1
What is the units digit of 7869?
9
What is the tens digit of 27760?
6
What is the tens digit of 3207?
0
What is the units digit of 37846?
6
What is the hundreds digit of 340?
3
What is the units digit of 41255?
5
What is the units digit of 11647?
7
What is the units digit of 939?
9
What is the hundreds digit of 2628?
6
What is the hundreds digit of 14398?
3
What is the tens digit of 161863?
6
What is the ten thousands digit of 136317?
3
What is the tens digit of 164?
6
What is the tens digit of 2934?
3
What is the thousands digit of 1150?
1
What is the units digit of 10478?
8
What is the units digit of 210?
0
What is the units digit of 6330?
0
What is the units digit of 558?
8
What is the units digit of 136563?
3
What is the units digit of 32452?
2
What is the units digit of 37630?
0
What is the hundreds digit of 1251?
2
What is the hundreds digit of 5885?
8
What is the hundreds digit of 56693?
6
What is the tens digit of 37768?
6
What is the thousands digit of 82628?
2
What is the tens digit of 512?
1
What is the units digit of 2544?
4
What is the ten thousands digit of 96956?
9
What is the hundreds digit of 4746?
7
What is the tens digit of 11979?
7
What is the hundreds digit of 6202?
2
What is the tens digit of 812?
1
What is the thousands digit of 7838?
7
What is the thousands digit of 3035?
3
What is the thousands digit of 1542?
1
What is the tens digit of 88?
8
What is the hundreds digit of 4916?
9
What is the units digit of 103363?
3
What is the thousands digit of 44904?
4
What is the tens digit of 1327?
2
What is the tens digit of 4134?
3
What is the hundreds digit of 10047?
0
What is the tens digit of 523?
2
What is the thousands digit of 1345?
1
What is the ten thousands digit of 30581?
3
What is the tens digit of 385?
8
What is the hundreds digit of 6016?
0
What is the hundreds digit of 2387?
3
What is the units digit of 1672?
2
What is the hundreds digit of 828?
8
What is the units digit of 2429?
9
What is the ten thousands digit of 12215?
1
What is the tens digit of 9340?
4
What is the thousands digit of 4222?
4
What is the units digit of 99419?
9
What is the hundreds digit of 149274?
2
What is the tens digit of 392?
9
What is the hundreds digit of 71217?
2
What is the units digit of 312?
2
What is the tens digit of 16271?
7
What is the hundreds digit of 362?
3
What is the tens digit of 1414?
1
What is the thousands digit of 1645?
1
What is the hundreds digit of 2911?
9
What is the ten thousands digit of 10791?
1
What is the hundreds digit of 15999?
9
What is the hundreds digit of 89834?
8
What is the thousands digit of 1575?
1
What is the tens digit of 16167?
6
What is the thousands digit of 1192?
1
What is the units digit of 4886?
6
What is the units digit of 1447?
7
What is the ten thousands digit of 12199?
1
What is the hundreds digit of 17680?
6
What is the thousands digit of 49240?
9
What is the hundreds digit of 4178?
1
What is the units digit of 728?
8
What is the thousands digit of 6274?
6
What is the tens digit of 664?
6
What is the thousands digit of 35337?
5
What is the tens digit of 891?
9
What is the tens digit of 525?
2
What is the units digit of 1003?
3
What is the units digit of 3303?
3
What is the hundreds digit of 96457?
4
What is the hundreds digit of 2402?
4
What is the tens digit of 2786?
8
What is the tens digit of 163?
6
What is the units digit of 43134?
4
What is the hundreds digit of 622?
6
What is the units digit of 6070?
0
What is the tens digit of 4857?
5
What is the hundreds digit of 445?
4
What is the tens digit of 688?
8
What is the hundreds digit of 146040?
0
What is the ten thousands digit of 12164?
1
What is the tens digit of 3227?
2
What is the hundreds digit of 5017?
0
What is the ten thousands digit of 11206?
1
What is the hundreds digit of 514?
5
What is the tens digit of 6118?
1
What is the units digit of 6405?
5
What is the thousands digit of 12526?
2
What is the thousands digit of 7940?
7
What is the hundreds digit of 593?
5
What is the thousands digit of 54225?
4
What is the tens digit of 144014?
1
What is the tens digit of 576?
7
What is the hundreds digit of 648?
6
What is the units digit of 7140?
0
What is the thousands digit of 3467?
3
What is the hundreds digit of 19375?
3
What is the units digit of 285?
5
What is the units digit of 28811?
1
What is the units digit of 22156?
6
What is the tens digit of 21213?
1
What is the tens digit of 1147?
4
What is the thousands digit of 2242?
2
What is the units digit of 248?
8
What is the units digit of 93769?
9
What is the thousands digit of 1329?
1
What is the hundreds digit of 83281?
2
What is the hundreds digit of 473?
4
What is the units digit of 4571?
1
What is the thousands digit of 4631?
4
What is the tens digit of 2314?
1
What is the hundreds digit of 80639?
6
What is the thousands digit of 2632?
2
What is the hundreds digit of 6460?
4
What is the units digit of 64503?
3
What is the tens digit of 5275?
7
What is the thousands digit of 6325?
6
What is the units digit of 4398?
8
What is the units digit of 1223?
3
What is the thousands digit of 4202?
4
What is the units digit of 6761?
1
What is the ten thousands digit of 19120?
1
What is the tens digit of 641?
4
What is the tens digit of 683?
8
What is the hundreds digit of 25583?
5
What is the tens digit of 13598?
9
What is the units digit of 103709?
9
What is the units digit of 7246?
6
What is the thousands digit of 1115?
1
What is the tens digit of 167280?
8
What is the tens digit of 3444?
4
What is the hundreds digit of 6849?
8
What is the units digit of 9?
9
What is the thousands digit of 2099?
2
What is the tens digit of 9109?
0
What is the thousands digit of 1250?
1
What is the hundreds digit of 90872?
8
What is the tens digit of 78643?
4
What is the thousands digit of 32382?
2
What is the tens digit of 3893?
9
What is the tens digit of 833?
3
What is the tens digit of 2127?
2
What is the units digit of 2495?
5
What is the ten thousands digit of 29951?
2
What is the units digit of 31446?
6
What is the thousands digit of 54235?
4
What is the units digit of 3025?
5
What is the tens digit of 59215?
1
What is the units digit of 59497?
7
What is the hundreds digit of 1781?
7
What is the tens digit of 9598?
9
What is the thousands digit of 20117?
0
What is the thousands digit of 1029?
1
What is the tens digit of 5552?
5
What is the thousands digit of 5230?
5
What is the tens digit of 866?
6
What is the thousands digit of 85947?
5
What is the hundreds digit of 1038?
0
What is the thousands digit of 5065?
5
What is the units digit of 21672?
2
What is the hundreds digit of 2463?
4
What is the units digit of 1731?
1
What is the units digit of 7155?
5
What is the tens digit of 910?
1
What is the units digit of 3243?
3
What is the units digit of 547?
7
What is the thousands digit of 1106?
1
What is the thousands digit of 66265?
6
What is the units digit of 2400?
0
What is the hundreds digit of 108?
1
What is the ten thousands digit of 156348?
5
What is the tens digit of 95477?
7
What is the ten thousands digit of 12317?
1
What is the tens digit of 189?
8
What is the thousands digit of 46739?
6
What is the hundreds digit of 2819